
Let v(b) = -1376*b**3 - 2*b**2 - 35*b + 35. Calculate v(1).
-1378
Let m(y) = 2349*y + 941965. Determine m(-401).
16
Let z(p) = 62502*p + 249662. Calculate z(-4).
-346
Let p(l) = -538*l + 2698. What is p(5)?
8
Let q(o) = 39940*o - 239586. What is q(6)?
54
Let o(g) = g**3 - 17*g**2 + 25*g + 467. Give o(11).
16
Let c(a) = -a**3 + 305*a**2 - 471*a + 50743. Give c(304).
-25
Let y(a) = -a**3 + 15*a**2 + 21*a - 20. Give y(19).
-1065
Let j(w) = w**3 + 1800*w**2 - 54897*w - 90. Calculate j(30).
0
Let d(g) = -g**2 + 82*g + 4100. What is d(142)?
-4420
Let f(o) = -4*o**2 + 761*o - 11087. Determine f(15).
-572
Let m(k) = -2*k**3 - 1115*k**2 - 13626*k - 595. Give m(-545).
-50
Let a(z) = 8*z**2 - 1471*z - 25797. Determine a(200).
3
Let x(t) = t**3 - 75*t**2 + 652*t - 154. What is x(65)?
-24
Let l(b) = b**2 - 274*b - 77409. Calculate l(-173).
-78
Let s(i) = i**3 - 223*i**2 + 3887*i - 920873. Calculate s(224).
-9
Let k(x) = 61*x**3 - 7380*x**2 - 121*x + 415. Give k(121).
415
Let r(m) = 20*m**2 - 19*m + 7. What is r(-3)?
244
Let o(x) = -461*x - 1747. Determine o(-3).
-364
Let j(z) = 13*z**2 - 499*z + 306. What is j(38)?
116
Let a(b) = -b**2 - 12451*b - 223849. Give a(-18).
-55
Let v(w) = -2*w**2 - 742*w - 24656. What is v(-37)?
60
Let q(y) = -y**2 + 117*y - 1687. Calculate q(100).
13
Let h(k) = k**2 - 43273*k - 216387. Calculate h(-5).
3
Let r(g) = 22*g**2 + 7390*g + 84895. Determine r(-324).
7
Let w(l) = -215467*l + 1077314. Calculate w(5).
-21
Let s(f) = 3*f**3 + 14*f**2 + 192*f + 534. What is s(-3)?
3
Let k(z) = 73*z**2 + 260*z + 1624. Calculate k(-7).
3381
Let h(y) = 3409*y + 3401. Calculate h(-1).
-8
Let s(k) = 54*k**2 + 32*k + 201. Calculate s(-7).
2623
Let n(k) = -2*k**3 - 4*k**2 + 797*k + 2399. Determine n(-3).
26
Let u(s) = -s**3 - 54*s**2 - 78*s - 42. Give u(-52).
-1394
Let t(i) = 6*i**3 - 16*i**2 + 85*i - 774. What is t(5)?
1
Let q(o) = -106676*o - 1813482. Calculate q(-17).
10
Let t(y) = y**3 - 9*y**2 - 7*y - 645. What is t(0)?
-645
Let g(t) = t**3 + 196*t**2 + 831*t - 23678. Calculate g(-191).
6
Let f(a) = 4979*a + 428194. Calculate f(-86).
0
Let u(q) = 4*q**2 + 26927*q + 2574274. Calculate u(-97).
-9
Let g(w) = -8871*w + 35393. Give g(4).
-91
Let y(g) = 41*g**2 - 6668*g - 2554. Determine y(163).
-109
Let n(w) = -110*w**3 + 1163*w**2 + 519*w - 39. Determine n(11).
-17
Let p(r) = -8*r**2 + 936*r - 4463. What is p(5)?
17
Let n(d) = -67*d + 2838. What is n(45)?
-177
Let w(y) = -y**3 + 228*y**2 - 400*y - 11715. Calculate w(226).
37
Let r(w) = w**3 + 112*w**2 - 712*w - 380. What is r(-118)?
92
Let x(q) = 905*q**2 + 60618*q - 1297. Calculate x(-67).
-158
Let f(i) = -i**2 + 102*i + 13508. Calculate f(178).
-20
Let u(d) = d**3 - 584*d**2 - 5354*d + 10015. What is u(593)?
-66
Let a(z) = 3*z**2 - 149582*z + 299169. Give a(2).
17
Let o(c) = -16140*c + 161374. Determine o(10).
-26
Let i(s) = 714232*s + 2142696. Calculate i(-3).
0
Let u(d) = 2*d**2 - 18523*d + 1759733. Determine u(96).
-43
Let m(i) = -7747*i + 124003. Calculate m(16).
51
Let q(l) = -6*l**3 + 344*l**2 - 150*l + 1828. Calculate q(57).
-224
Let w(l) = 49421*l - 296527. Give w(6).
-1
Let w(y) = 160*y**2 + 196*y - 1163. Determine w(6).
5773
Let w(y) = 331816*y + 10286304. What is w(-31)?
8
Let v(z) = -z**2 + 496*z - 41622. Calculate v(107).
1
Let q(p) = -112*p**2 - 51*p + 24. Give q(-2).
-322
Let i(t) = 10*t**3 + 10281*t**2 + 1033*t + 5116. Give i(-1028).
-24
Let g(h) = 56*h**3 + 3752*h**2 + 171*h + 11475. What is g(-67)?
18
Let a(g) = 7287*g - 1428284. What is a(196)?
-32
Let u(c) = -2*c**3 - 1814*c**2 + 12681*c - 97. Give u(7).
-902
Let k(a) = -4*a**3 + 68*a**2 - 9*a + 7. What is k(17)?
-146
Let o(v) = 51*v**3 - 776*v**2 + 182*v - 255. Give o(15).
0
Let u(g) = 7*g**3 + 90*g**2 - 90*g + 1. Give u(1).
8
Let h(u) = -u**3 + 5*u**2 + 305*u + 95. Calculate h(-15).
20
Let i(r) = r**2 - 397*r - 3278. Give i(-8).
-38
Let u(a) = 9*a**3 - 127*a**2 - 142*a + 258. Calculate u(15).
-72
Let k(t) = 5043*t - 141207. Calculate k(28).
-3
Let p(d) = -d**3 + 41*d**2 + 43*d - 4924. Give p(39).
-205
Let c(v) = -v**2 + 718*v - 128314. What is c(337)?
83
Let n(z) = -7*z**2 + 441*z - 4232. Calculate n(12).
52
Let j(s) = -840*s + 43585. What is j(52)?
-95
Let a(y) = -581*y - 704. What is a(0)?
-704
Let k(r) = -2*r**2 + 499*r - 30249. Give k(150).
-399
Let s(t) = -4*t**2 + 2835*t - 83394. Determine s(678).
0
Let x(i) = -7*i**3 - 52*i**2 - 35*i + 72. Give x(-2).
-10
Let u(i) = i**2 + 1270*i + 1241. Give u(0).
1241
Let w(g) = -2660*g - 109063. Calculate w(-41).
-3
Let s(m) = 75*m**2 + 4138*m + 677. Determine s(-55).
-38
Let n(x) = 37*x**2 + 3346*x - 16691. Calculate n(5).
964
Let z(h) = 6*h**2 - 107*h + 590. What is z(9)?
113
Let z(j) = -7492*j + 1858020. Calculate z(248).
4
Let l(i) = -41*i**2 - 715*i + 1422. What is l(2)?
-172
Let b(q) = 12414*q - 235872. Calculate b(19).
-6
Let n(h) = 469682*h - 38044242. Give n(81).
0
Let v(f) = 20*f**2 - 349*f + 74. Calculate v(17).
-79
Let j(l) = 13*l**2 - 108*l + 1005. Determine j(8).
973
Let c(j) = -24*j**2 - 621*j + 55. Determine c(-26).
-23
Let j(s) = 2209*s - 134748. Determine j(61).
1
Let w(p) = 3*p**2 + 53134*p - 265665. Give w(5).
80
Let h(r) = -r**3 - 528*r**2 + 23332*r - 159. Calculate h(41).
-36
Let v(z) = 2034*z + 124250. Calculate v(-62).
-1858
Let l(h) = 2*h**3 + 70*h**2 + 21*h + 830. Calculate l(-35).
95
Let m(a) = a**2 - 455*a + 33801. Determine m(90).
951
Let g(t) = -13*t**3 + 104*t**2 - 223*t + 931. What is g(7)?
7
Let j(u) = 251*u - 2923. Give j(11).
-162
Let q(o) = 464*o - 98353. What is q(212)?
15
Let j(l) = -10*l + 341. What is j(52)?
-179
Let u(h) = 2109*h + 115996. Calculate u(-55).
1
Let t(m) = 1014*m + 6190. Give t(-6).
106
Let u(k) = -21*k**2 - 886*k - 3564. Determine u(-4).
-356
Let j(f) = -2*f**2 + 1391*f - 4876. Give j(692).
-32
Let d(l) = -l**3 + 226*l**2 + 989*l - 172976. Calculate d(227).
-2
Let x(r) = 18*r**3 - 3566*r**2 + 424*r - 5536. Give x(198).
8
Let d(f) = -3*f**2 - 62355*f - 49. Calculate d(0).
-49
Let s(w) = 3*w**2 - 2398*w + 75860. Give s(33).
-7
Let h(p) = -10*p**2 - 376*p - 3351. Calculate h(-14).
-47
Let p(d) = -5*d**3 - 213*d**2 + 80*d - 107. Determine p(-43).
151
Let i(k) = k**2 + 115541*k + 3234372. What is i(-28)?
8
Let h(v) = -2*v**3 + 566*v**2 + 2892*v - 3393. Calculate h(288).
63
Let g(b) = 3819*b + 107. What is g(0)?
107
Let w(p) = -6577*p + 966894. Determine w(147).
75
Let k(q) = 33*q**3 + 1633*q**2 - 847*q + 196. Calculate k(-50).
46
Let z(u) = u**3 + 22*u**2 - 722*u - 41. What is z(-40)?
39
Let t(w) = 127*w**2 + 600*w + 155. Calculate t(-4).
-213
Let w(b) = -b**3 + 404*b**2 + 4112*b + 11585. What is w(414)?
-7
Let j(n) = -74895*n + 1572789. Determine j(21).
-6
Let s(o) = -83*o**2 + 3233*o + 21. What is s(39)?
-135
Let m(x) = -2*x**2 - 187*x - 27. Give m(-93).
66
Let r(q) = 195*q**3 - 3*q**2 - 16*q - 27. Calculate r(-2).
-1567
Let c(h) = -h**3 - 674*h**2 + 1334*h - 12160. What is c(-676)?
8
Let m(n) = -29*n**2 + 365*n + 1116. Give m(-3).
-240
Let d(v) = -v**2 - 4061*v - 920618. Give d(-241).
2
Let t(g) = 12694*g + 875879. Determine t(-69).
-7
Let g(h) = -3348*h - 294628. What is g(-88)?
-4
Let x(g) = -5*g**2 - 1432*g - 16846. Determine x(-274).
142
Let w(i) = -4*i**2 + 6382*i + 44695. Determine w(-7).
-175
Let u(h) = 19*h**2 - 532*h - 491. What is u(31)?
1276
Let a(s) = -31245*s + 5749076. What is a(184)?
-4
Let u(i) = i**2 - 93*i - 893. Give u(102).
25
Let t(i) = 19*i**3 + 6604*i**2 - 2780*i + 1403. What is t(-348)?
11
Let b(r) = -r**3 + 145*r**2 + 184*r - 5470. Determine b(146).
78
Let q(x) = 1866*x - 9331. Determine q(5).
-1
Let x(t) = 2*t**3 + 280*t**2 - 640*t - 10283. Determine x(-142).
-59
Let r(b) = -b**3 - 84*b**2 + 1063*b + 1628. What is r(-95)?
-82
Let q(a) = 2*a**3 + 3142*a**2 + 6450*a + 272994. Give q(-1569).
-12
Let o(d) = 59*d - 5003. What is o(64)?
-1227
Let p(m) = 2997*m + 17223. Give p(-6).
-759
Let q(k) = k**3 - 7*k**2 - 90*k + 333. Determine q(12).
-27
Let t(x) = 760*x + 130713. What is t(-172)?
-7
Let t(c) = 1444*c - 29977. What is t(22)?
1791
Let h(b) = 873342*b + 3493353. Calculate h(-4).
-15
Let a(m) = -81*m + 2206. Give a(38).
-872
Let q(c) = -3628*c + 910534. Determine q(251).
-94
Let k(s) = -6250*s + 69974. Calculate k(12).
-5026
Let t(y) = -7*y**3 - 466*y**2 - 1987*y - 132. Calculate t(-62).
54
Let r